4*x**2 + 204*x - 10. Calculate i(-101).
-212
Let i(c) = 2*c**3 + 54*c**2 + 55*c + 80. Calculate i(-26).
2
Let o(b) = -6483*b + 19455. What is o(3)?
6
Let b(r) = 2*r**3 - 23*r**2 + 91*r - 293. Give b(8).
-13
Let r(k) = -1312*k + 45917. What is r(35)?
-3
Let w(j) = -48*j**2 + 183*j + 42. Calculate w(4).
6
Let d(u) = -3*u**3 + 11*u**2 + 7*u - 10. Determine d(4).
2
Let n(i) = -38*i + 53. Give n(9).
-289
Let l(s) = -79*s - 2441. Determine l(-31).
8
Let b(l) = -484*l - 111. What is b(-1)?
373
Let v(g) = -1001*g + 37046. What is v(37)?
9
Let c(u) = -u**2 - 18*u - 4. What is c(0)?
-4
Let r(c) = 9*c**3 - 26*c**2 - 426*c + 1269. Calculate r(3).
0
Let m(t) = -t**3 - 6*t**2 + 21*t + 110. Determine m(-7).
12
Let q(y) = 14*y**2 - 97*y - 3. Determine q(7).
4
Let a(z) = -z**3 - 3*z**2 - 67*z - 382. Give a(-5).
3
Let g(f) = 198*f - 26322. What is g(133)?
12
Let z(f) = -f**2 - 54*f - 502. Give z(-14).
58
Let s(w) = -w**3 + 8*w**2 - 22*w + 464. What is s(10)?
44
Let j(r) = 89*r - 4936. Calculate j(56).
48
Let i(z) = 4*z**2 + 118*z + 51. What is i(-29)?
-7
Let k(y) = -10*y**3 + 21*y**2 + 34*y - 33. Calculate k(6).
-1233
Let u(t) = -1975*t + 7928. Give u(4).
28
Let z(i) = -13*i**3 + 56*i - 183. Calculate z(3).
-366
Let h(z) = -z**3 - 11*z**2 - 3*z - 79. Determine h(-11).
-46
Let x(w) = -48*w - 420. Determine x(-8).
-36
Let x(b) = -b**2 - 78*b - 977. Determine x(-65).
-132
Let t(a) = 6*a**2 - 5*a + 16. Calculate t(3).
55
Let i(g) = g**3 - 7*g**2 - 26*g + 176. Calculate i(7).
-6
Let n(u) = -4*u**3 + 35*u**2 - 51*u + 206. Determine n(8).
-10
Let f(j) = -247*j + 912. Give f(5).
-323
Let r(v) = -59*v - 116. Determine r(-4).
120
Let z(n) = n**3 + 7*n**2 + 31*n - 63. Give z(-9).
-504
Let o(d) = -6806*d + 340296. Give o(50).
-4
Let m(o) = -25*o + 208. Determine m(12).
-92
Let j(l) = -l**3 - 51*l**2 + l + 44. Give j(-51).
-7
Let o(w) = -666*w + 1331. What is o(2)?
-1
Let n(f) = -f**2 + 85*f - 251. What is n(82)?
-5
Let q(r) = 58*r**2 - 33*r + 7. Give q(0).
7
Let u(y) = -418*y + 13391. Determine u(32).
15
Let r(l) = 6*l**2 + 57*l - 23. Determine r(-10).
7
Let h(a) = 2*a**3 - 2*a**2 - 64*a + 28. What is h(6)?
4
Let y(g) = g**2 + 107*g + 2513. What is y(-35)?
-7
Let l(p) = 47*p + 38. Calculate l(-5).
-197
Let w(v) = 3*v**3 - 111*v**2 - 6*v + 213. What is w(37)?
-9
Let p(y) = -y**3 + 22*y**2 + 67*y - 457. Determine p(24).
-1
Let i(j) = 3797*j - 5. Calculate i(0).
-5
Let k(o) = 3*o**3 + 25*o**2 + 42*o + 54. Calculate k(-7).
-44
Let z(u) = -5*u**3 - 3*u**2 - u. Give z(1).
-9
Let x(h) = -h**3 - 16*h**2 + 29*h - 537. Determine x(-19).
-5
Let l(k) = -21971*k + 87898. Determine l(4).
14
Let j(d) = -5*d**2 + 1956*d - 5853. Determine j(3).
-30
Let n(a) = -1568*a + 59597. What is n(38)?
13
Let u(f) = -35*f + 158. Determine u(4).
18
Let t(w) = 61*w - 2380. Determine t(39).
-1
Let i(k) = 6*k**2 + 126*k + 210. Calculate i(-19).
-18
Let j(k) = k**3 - k**2 + 2*k - 136. Determine j(0).
-136
Let o(m) = 4*m**2 - 502*m + 1000. What is o(2)?
12
Let k(c) = 1301*c + 133987. Determine k(-103).
-16
Let m(d) = -4*d**2 - 9*d - 2. Calculate m(0).
-2
Let g(u) = u**2 - 3*u - 124. Determine g(-6).
-70
Let k(w) = -11*w + 439. Give k(34).
65
Let i(f) = -23*f**2 - 67*f + 139. What is i(2)?
-87
Let i(h) = 6*h**2 - 3*h - 5. Determine i(-4).
103
Let u(t) = -31*t + 321. Determine u(11).
-20
Let j(x) = 23*x - 373. Give j(15).
-28
Let p(a) = -47*a**3 - 842*a**2 + 72*a + 4. Give p(-18).
4
Let d(h) = 32*h + 266. What is d(-10)?
-54
Let a(s) = 39*s - 371. Determine a(8).
-59
Let g(x) = -33*x**2 - 2*x + 1. Give g(-1).
-30
Let v(n) = n**2 - 5*n - 20. Give v(-10).
130
Let x(p) = -p**3 - 25*p**2 - 125*p + 16. Determine x(-7).
9
Let n(w) = -12*w**3 - 66*w**2 - 17*w + 12. What is n(-5)?
-53
Let q(r) = -r**3 + 30*r**2 + 66*r + 41. Calculate q(32).
105
Let x(s) = -s**2 + 6*s - 91. Calculate x(14).
-203
Let k(x) = 2*x**3 + 5*x**2 + 6*x + 10. Give k(-3).
-17
Let a(u) = 15*u - 278. Determine a(15).
-53
Let y(o) = 87*o - 504. Calculate y(5).
-69
Let b(o) = 2151*o - 25. What is b(0)?
-25
Let m(k) = 3575*k - 35758. Calculate m(10).
-8
Let k(l) = -2*l**3 - 61*l**2 - 30*l + 53. Calculate k(-30).
53
Let f(s) = 39*s**2 - 233*s - 8. Give f(6).
-2
Let w(i) = i**3 - 9*i**2 + 88*i - 987. What is w(11)?
223
Let b(o) = 9496*o + 37988. What is b(-4)?
4
Let k(j) = j**3 + 8*j**2 - 63*j - 13. Give k(-12).
167
Let q(l) = -l**3 - 74*l**2 + 423*l + 2218. Calculate q(-79).
6
Let h(y) = -y**2 - 56*y - 417. Calculate h(-48).
-33
Let c(p) = -13*p**3 - 3*p**2 - 4*p + 14. Calculate c(2).
-110
Let x(r) = -2*r**2 + 64*r + 952. Calculate x(43).
6
Let d(t) = -7*t**2 + 221*t + 585. Determine d(34).
7
Let q(v) = 171*v - 156. Calculate q(7).
1041
Let g(o) = -3954*o + 15820. Determine g(4).
4
Let s(k) = -3*k**2 - 174*k - 376. What is s(-56)?
-40
Let t(n) = 340*n - 1158. Determine t(4).
202
Let h(j) = 445*j - 23558. What is h(53)?
27
Let j(t) = -8*t - 841. Give j(-108).
23
Let h(t) = 34*t**2 + 411*t + 1. Give h(-12).
-35
Let c(p) = -2*p + 120. Determine c(59).
2
Let r(c) = 255*c + 514. What is r(-2)?
4
Let u(l) = -2*l**2 - 160*l - 899. What is u(-74)?
-11
Let u(a) = 2*a**2 + 12*a - 68. Calculate u(-8).
-36
Let o(c) = 193*c - 1357. Calculate o(7).
-6
Let y(f) = 3*f**3 - 3*f**2 + 3*f - 3. Calculate y(3).
60
Let w(f) = -f**3 + 3*f**2 + 39*f - 25. What is w(-5)?
-20
Let n(k) = -51*k - 442. Determine n(-12).
170
Let i(r) = -170*r + 18. Give i(-1).
188
Let o(g) = -84*g - 319. Calculate o(-4).
17
Let r(i) = -i**3 - 7*i**2 - 4*i - 432. Calculate r(0).
-432
Let m(j) = 388*j + 24062. What is m(-62)?
6
Let b(x) = 9*x**2 - 248*x + 580. Calculate b(25).
5
Let n(i) = 2*i**2 + 104*i + 1194. Determine n(-17).
4
Let d(a) = -a**3 - 83*a**2 - 1540*a - 14. Give d(-55).
-14
Let h(c) = c**3 - 26*c**2 + 6*c + 29. What is h(26)?
185
Let b(m) = -243*m - 7561. Calculate b(-31).
-28
Let d(q) = 26*q**2 - 14. Give d(-4).
402
Let f(k) = 278*k - 2219. Give f(8).
5
Let i(p) = -p**2 + 15*p + 34. Determine i(22).
-120
Let k(d) = -d**2 - 510*d - 1539. Calculate k(-3).
-18
Let j(b) = -1389*b + 2847. What is j(2)?
69
Let x(w) = -3*w**3 - 108*w**2 - 5*w - 140. Calculate x(-36).
40
Let p(j) = -8*j + 109. Calculate p(14).
-3
Let b(u) = -62*u + 586. Give b(11).
-96
Let h(i) = i**2 + 107*i - 1698. Calculate h(14).
-4
Let c(w) = -w**3 + 3*w**2 - 8*w - 6. What is c(6)?
-162
Let j(c) = -75*c - 5871. Give j(-78).
-21
Let k(f) = f**2 + 20*f - 550. Calculate k(14).
-74
Let m(g) = -g**2 - 27*g + 51. Determine m(-43).
-637
Let g(x) = -4*x**3 - 96*x**2 + 101*x - 7. What is g(1)?
-6
Let c(h) = 7*h**3 + 34*h**2 + 9*h + 30. Determine c(-5).
-40
Let f(y) = -3*y**2 - 69*y + 412. Calculate f(5).
-8
Let r(x) = -x**2 - 25*x - 50. What is r(-6)?
64
Let b(m) = -6*m**3 + 34*m**2 - 31*m + 4. Calculate b(5).
-51
Let q(h) = h**3 - 11*h**2 + 6*h - 19. Give q(11).
47
Let y(k) = k**2 - 26*k - 75. What is y(29)?
12
Let u(s) = -268*s - 1551. What is u(-6)?
57
Let u(y) = 1558*y - 4641. Give u(3).
33
Let b(q) = -q**2 + 22*q - 80. Calculate b(8).
32
Let l(t) = 321*t + 10578. Calculate l(-33).
-15
Let y(f) = 562*f - 3933. Determine y(7).
1
Let w(a) = a**3 - 7*a**2 - 70*a + 495. What is w(7)?
5
Let l(q) = -q**3 + 7*q**2 - 20*q - 5. Calculate l(7).
-145
Let y(r) = 2*r**2 + 51*r - 3764. Calculate y(-58).
6
Let q(v) = -25*v - 1329. What is q(-55)?
46
Let r(l) = 2*l**3 - 25*l**2 + 49*l + 9. Give r(10).
-1
Let r(m) = -5*m**3 + 124*m**2 + 24*m + 34. Give r(25).
9
Let t(s) = 60*s - 2396. What is t(40)?
4
Let m(h) = 3*h**2 + 11*h - 32. What is m(-8)?
72
Let g(a) = a**2 + 4269*a + 15. Determine g(0).
15
Let i(c) = -2*c**2 + 61*c + 268. Calculate i(38).
-302
Let h(t) = -14*t**2 + 287*t + 486. Determine h(22).
24
Let t(p) = -737*p - 3710. Determine t(-5).
-25
Let s(y) = -35*y**3 - 2*y**2 + 58*y + 124. Calculate s(-2).
280
Let z(v) = -28*v - 1692. Determine z(-61).
16
Let f(u) = -11*u**2 + u + 379. Calculate f(6).
-11
Let f(m) = 12*m**2 + 161*m - 665. Give f(4).
171
Let t(y) = 3*y**2 + 73*y - 620. What is t(8)?
156
Let o(i) = -i + 84. Determine o(-18).
102
Let x(i) = -317*i**2 + 4114*i + 93. Calculate x(13).
2
Let s(f) = f**3 + 45*f**2 - 23*f - 2948. Determine s(-44).
0
Let n(p) = 2*p**3 - 16*p**2 + 8*p - 146. Give n(11).
668
Let g(k) = k**3 + 11*k**2 + 43*k + 68. Give g(-5).
3
Let b(i) = 15*i**2 + 244*i - 1494. Calculate b(-21).
-3
Let u(k) 